it of r?
1
Suppose -1 = -5*g - l, 4*g + 2 = g + 2*l. Let p = 4 + g. What is the tens digit of (-2)/(p/14)*-2?
1
Let n = 6 + -2. Suppose 4*z - 5*z + n*i = -23, 3*z = -i + 4. What is the units digit of (-2*1)/(z/(-9))?
6
Suppose 4*d + 0*d = -32. Let v(s) = s**2 - 6*s - 17. Let x be v(10). Let f = d + x. What is the units digit of f?
5
Let a be 3/2*8/12. Let x = 4 + a. Suppose x*f = 10, -4*o + 82 = 4*f + f. What is the units digit of o?
8
Suppose 2*u - 6*u - 6 = -2*a, 4*u - 19 = -3*a. Suppose 2*d + 2*d = -v + 4, a*v + 5*d = 5. Let w = v - -6. What is the units digit of w?
6
Let f = 13 + -12. What is the tens digit of (-3)/(f + (-48)/39)?
1
Suppose 5*q + 0*q - 465 = 0. Suppose -q = -2*h - h - 2*m, 4*h - 124 = -m. What is the units digit of h?
1
Let d(s) = -s**3 + 9*s**2 - 9*s + 5. Let i be d(8). Let w be (2/i)/((-4)/30). Let o = 8 - w. What is the units digit of o?
3
What is the units digit of (1/(-2))/(7/(-742))?
3
Suppose u = -u + 10. Suppose 0 = -u*m - 20, 2*m = 4*k - k - 47. What is the units digit of k?
3
Suppose -u + 0*u - 17 = -2*a, 3*u + 11 = a. Suppose 3*f = s + 8, 0 = -0*s + 2*s - a. What is the units digit of f?
4
Let g = 21 - 9. Suppose m - g = -3*m. Suppose -l = -m*l + 14. What is the units digit of l?
7
Let l(v) = v**2 - 3*v - 3. Let t be l(4). Let z(j) = -j**2 + 2*j + 2. Let d be z(2). Suppose -d*o + 1 = -t. What is the units digit of o?
1
Suppose n + 37 = 4*m, 9*m - n = 4*m + 45. Suppose 4*w + 40 = m*w. What is the tens digit of w?
1
Let y(u) = -3*u**3 - u**2 - u. What is the units digit of y(-1)?
3
Suppose 13 + 12 = 5*p. Suppose 2*x + 68 = 2*z, p*z = 3*x + 141 + 33. What is the units digit of z?
6
Let o = -8 - -7. Let y = 1 + o. Suppose y = 3*n + 2*n - 3*k - 36, n = k + 6. What is the units digit of n?
9
Let z = -101 - -149. What is the tens digit of z?
4
Let p(d) = -4*d + 10. Let q be p(-6). Suppose u + 4*j - 160 = -3*u, -q = -u + j. What is the units digit of u?
7
Suppose 0 = -a, 5*x - 4*a + 93 - 423 = 0. What is the units digit of x?
6
Let l = 43 + 19. Let r = l + -27. What is the tens digit of r?
3
Let b be -7 - -1*(-1 - -2). Let p = b + -3. Let y = -4 - p. What is the units digit of y?
5
Suppose 7*m - 3*m = 0. What is the units digit of -4 + (m - (-90)/2)?
1
Let r be 17 + -15 + (-1 - -110). Suppose 2*c = -0*c - 5*x + r, 0 = -4*c + 2*x + 186. What is the tens digit of c?
4
Let c(i) = i + 5. Let n be c(-4). Let a be (0 - 1)*n*1. What is the units digit of (7 - 0/(-2)) + a?
6
Suppose 0 = 4*c - 3*r + 66 - 268, c = -4*r + 60. What is the units digit of c?
2
Suppose 4*d + 15 = -1. Let r(m) = m**2 + 2*m - 5. Let b be r(d). Suppose -4*c + 22 = 3*o + c, 26 = 5*o + b*c. What is the units digit of o?
4
Let f be 24*4/18*6. Suppose -4*q + f = 8. What is the units digit of q?
6
Let j be ((-132)/(-16))/(3/8). Suppose -2 + j = 5*k. Suppose -t - 5*f = -14, -k*t = 5*f - 51 + 10. What is the units digit of t?
9
Suppose -2*w + 1065 = 5*k, k - 3*w = 3*k - 415. What is the hundreds digit of k?
2
Let j(f) = -14*f - 48. Let s be j(-5). Let a be -1 + 4 + (-2)/2. Suppose a*t + 4*w = s, -t + 36 = t - 3*w. What is the units digit of t?
5
Suppose -p - 3*j + 28 = 0, -5*p - 3*j - 29 = -181. What is the tens digit of p?
3
Let c = -12 + 57. What is the units digit of 4/(4/c) + 0?
5
Let z = -77 - -139. What is the units digit of z?
2
Suppose -k + 165 = 5*u, -21 + 124 = 4*u - 5*k. What is the units digit of u?
2
Let w be 12/5*(-20)/(-6). Let s(p) = -4*p - 12 + p**3 + w + 7 + p**2. What is the units digit of s(2)?
7
Suppose 51 = c - 5. What is the units digit of c?
6
Let c = 0 - -3. Suppose -2*z - c*j = -63, 3*j = 7*z - 3*z - 153. What is the tens digit of z?
3
Let d = -230 - -415. What is the hundreds digit of d?
1
Let x(v) be the second derivative of -v**3/3 - 4*v**2 - 4*v. What is the units digit of x(-10)?
2
Let u = -591 + 841. What is the hundreds digit of u?
2
Suppose -5*x - 45 = z - 16, -x = -5*z - 41. What is the units digit of z/2*(-4)/6?
3
Suppose -5*x + 162 = 4*y, -3*x = -3*y + 50 + 58. What is the units digit of y?
8
What is the units digit of (2*1)/(1/19)?
8
Let a = 16 + 3. What is the tens digit of a?
1
Suppose -121 = -5*d + 3*l, -3*d + 2*l + 61 = -11. What is the tens digit of d?
2
Let y be (-12)/(-42) - 1864/7. What is the units digit of (1 - 0)*y/(-7)?
8
Let l = 40 + -21. Let q(r) = -9*r + 3. Let m be q(-3). Let k = m - l. What is the tens digit of k?
1
Let y(h) = 3 + h + 4 - h**2 + 0*h. What is the units digit of y(0)?
7
Let r(n) = -8*n + 1. Let l be r(1). Let o = 11 + l. What is the units digit of 21/2*o/3?
4
Let t = 131 + -21. What is the units digit of t?
0
Let v(u) = 26*u**2 + 3*u - 2. What is the tens digit of v(-2)?
9
Let z = 19 - 16. What is the units digit of z?
3
Let r = 2 - 4. Let i(x) = -x**3 - 2*x**2 - 3*x. What is the units digit of i(r)?
6
Suppose -4*w + 3*w - 212 = -5*c, 5*c - 224 = -3*w. What is the units digit of c?
3
Suppose 0 = -3*k + 3*c, -5*k - 5*c = -0*k. What is the units digit of -3 + (-1 - k)*-23?
0
Let o = 68 + -48. Suppose 0 = 3*n - o - 10. What is the units digit of n?
0
Let d(a) = 2*a**2 + 6*a + 4. What is the tens digit of d(4)?
6
What is the hundreds digit of (-9)/(-12) - (-1455)/12?
1
Suppose 2*c + 4*z - 24 = 0, 2*c + 0*z - 29 = -5*z. What is the tens digit of 8 + (c - 3) + 3?
1
Let r = 4 + -14. Let u = -7 - r. Let f = u + 4. What is the units digit of f?
7
Let j(f) = -2*f - 10. Let c be j(-7). Suppose 0 = -4*l - c*g + 116, -l - 54 = -3*l - g. What is the tens digit of l?
2
Suppose -4*x + 4*a = -132, 4*a + 23 = x - 16. Suppose 0 = 2*j - x - 17. What is the tens digit of j?
2
Let h = 1 - -1. Suppose h*t + t - 9 = 0. Let d = t - 1. What is the units digit of d?
2
Let r(a) = a**2 + 3*a + 3. Let h be r(-4). Let n = 0 + h. What is the units digit of n?
7
Let x = 61 + -35. Let m = 21 + x. What is the units digit of m?
7
Let c be 2 + ((-2)/1 - 20). Let d = c + 46. What is the units digit of d?
6
Suppose 6*c - 10 = c. Suppose -20 = -2*x - c*x. What is the units digit of x?
5
Suppose -3*k + 4*k + 11 = 0. Let m = 20 + k. What is the units digit of m?
9
Let k = -24 + 58. What is the tens digit of k?
3
Let u(s) = -s**2 - 4*s - 3. Let v be u(-2). What is the units digit of (-2)/v*44/(-8)?
1
Suppose 0 = -3*m - 202 + 478. Suppose 5*j - 115 = 4*n, -4*j + m = 5*n - 0*n. Suppose -x = -f + 10, 3*x + j - 63 = -4*f. What is the units digit of f?
0
What is the units digit of 10/25 + (-346)/(-10)?
5
Suppose 0 = 3*d - 3*c - 6, c - 4 = 2*d + 2*d. Let w be (-6)/(1*d/3). Suppose y + 3 = w. What is the units digit of y?
6
Let t = -25 - -39. What is the units digit of t?
4
Let b(t) = -t - 3*t**3 + 2*t**3 + 0*t**2 + 0*t**3 - 1 + t**2. Let u(j) = -j**3 + j**2 + j + 3. Let l(v) = -b(v) - u(v). What is the units digit of l(2)?
6
Suppose i = -2*i + 9. Suppose -2*v - 11 = 3*j - 75, i*v + 5*j = 97. What is the units digit of v?
9
Let x(s) = s**3 - s**2 + s - 1. Let c be x(2). Suppose 0 = -3*w - 17 + c. What is the units digit of (6/(-8))/(w/16)?
3
Suppose 4*f - 196 = -4*r, -2*r = -7*r + 5*f + 195. What is the tens digit of r?
4
What is the units digit of 34 + (1 + 0 - 4)?
1
Suppose 0*x - 4*x = 16. Let n = -2 - -1. Let q = n - x. What is the units digit of q?
3
Let k be (-22)/(-4) + (-2)/4. Suppose k*o - 10 = 10. Suppose 0 = -j + 2 + o. What is the units digit of j?
6
Suppose -4*n - 9 + 69 = 0. Let v be 66/n - 2/5. Suppose 0 = -2*q - z - 2 + 18, -8 = -q + v*z. What is the units digit of q?
8
Suppose -3*x = -0*n - n + 100, -3*n + 5*x + 280 = 0. What is the units digit of n?
5
Let a = -1 - -2. Let k = a - -12. What is the units digit of k?
3
What is the units digit of ((-2)/(-3))/((-10)/(-105))?
7
Let c(g) = g**2 + 4*g - 6. What is the units digit of c(-10)?
4
Let o(g) = 4*g + 9. Let f(a) = 4*a + 9. Let b(n) = 4*f(n) - 5*o(n). What is the tens digit of b(-8)?
2
Let f be (4/(-5))/((-4)/590). Let d be 68/20 - 6/(-10). What is the tens digit of d/12 - f/(-6)?
2
Let y be -1 + -1*(1 - 26). Suppose 4*i + 2*u = i - 35, -2*i = 2*u + y. Let n = i + 19. What is the units digit of n?
8
Let v(q) = 2*q + 34. What is the units digit of v(0)?
4
Let o(b) = -b. Let c be o(-5). Suppose -38 - 199 = -5*j + p, -c*j - 4*p = -227. What is the tens digit of j?
4
Suppose 24 = -3*y + 7*y. Let i be y/9 + 22/(-6). What is the tens digit of 114/8 - i/(-12)?
1
Suppose -5*n =